 common factor of c and 95.
19
Suppose 16152 + 3475 = 122*x - 4041. What is the highest common factor of x and 2231?
97
Let k be 1*(5 + -3 + 4). Suppose 2*m = -2*r - 2*m + 498, 0 = -3*m + k. What is the greatest common divisor of r and 35?
35
Let p(y) = -y**3 + 8*y**2 - 32*y - 16. Let w be p(7). Let b = w - -258. Calculate the highest common factor of b and 335.
67
Let v be 9/(-6)*(4 + -6). Let o(i) = -i**3 + 3*i**2 + i - 4. Let y be o(v). Let q be (y + 0)*(-136)/(-51)*-6. What is the highest common factor of q and 16?
16
Let u be ((-202)/(-10))/((-209)/(-24035)). Calculate the greatest common divisor of 184 and u.
23
Suppose -4*m + 2*m + 2*p - 6 = 0, 4*m + 2*p = -30. Let l = m - -58. Let b = -51 + l. Calculate the greatest common divisor of 2 and b.
1
Let o = 1256 - 888. Let t = o - 353. What is the highest common factor of t and 165?
15
Let k = -330 - 60. Let l = 441 + k. Calculate the highest common divisor of 187 and l.
17
Suppose -28 = -6*a + 2*a + 3*q, -a + q + 6 = 0. Suppose -3036 = -a*k - 246. What is the greatest common factor of 18 and k?
9
Let k(z) = -45*z + 125. Let a be k(-50). What is the highest common divisor of a and 19?
19
Let r be (144/16)/(-3 - (-109)/36). What is the highest common divisor of 135 and r?
27
Let v(a) = -8*a**2 + 47*a + 8. Let o be v(6). Calculate the highest common divisor of 862 and o.
2
Suppose -2*r = -6*r + 252. Let u = 180 - 176. Suppose 205 = v + 2*j - 100, 4*j - 1240 = -u*v. Calculate the highest common factor of r and v.
63
Suppose 2*t - 150 = -4*w + 20, -3*t = 3*w - 240. Suppose -3*l = 2*l - t. Let a be -4 + (-105)/(-10) + 1/(-2). Calculate the greatest common factor of a and l.
3
Let b(c) = -103*c - 4611. Let h be b(-45). Suppose 0 = -2*u + 7*u - 640. Calculate the highest common divisor of h and u.
8
Suppose 2*z - 14 + 126 = 0. Let f = 131 + z. Let t = -535 - -585. Calculate the greatest common factor of t and f.
25
Let b be -88 + 7 - (-1)/1. Let a = b - -80. Let f be 1 - (0 + -1 + a) - -3. What is the greatest common factor of f and 10?
5
Suppose -4*r = 4*b - 396, -18*b = -13*b + 30. Calculate the greatest common divisor of r and 13440.
105
Suppose 3*w - 19 = s - 9, -4*w = s - 11. Suppose -3*t - 2*u = -54, -3 = w*u + 6. Calculate the highest common divisor of 540 and t.
20
Suppose 4*o - 117 = 3*o - 3*y, -4*y = 2*o - 224. Calculate the highest common factor of 162 and o.
6
Let u be (1 + (-132)/(0 + 4))*8. Let m = u - -306. What is the greatest common factor of m and 20?
10
Suppose 0 = -2*u - 21 - 1471. Let s = -674 - u. What is the highest common factor of 198 and s?
18
Let b(z) = z**3 - z**2 - z + 1. Let j be b(4). Let r be (-2)/(2/(-205)) + 19 + -14. Suppose -213*o = -r*o - 90. What is the highest common divisor of j and o?
15
Let u be (9/(-2))/(6/(-8)). Suppose -5*a + u*a + 31 = 0. Let c = a - -63. Calculate the highest common factor of c and 4.
4
Suppose 8*i = -2*t + 3*i + 71, 5*i = 3*t - 94. Calculate the highest common divisor of 385 and t.
11
Let h be (297 - 192)*3/((-30)/(-16)). Calculate the greatest common divisor of h and 4200.
168
Suppose -1326 = -n + 3*f - 529, 3*n - 2397 = 3*f. What is the highest common divisor of n and 50?
50
Let k(s) = s**2 + 8*s - 136. Let j(i) = i**3 - 3*i**2 - 27*i + 37. Let m be j(6). Let f be k(m). Calculate the highest common factor of 1241 and f.
17
Let d = -385 - -388. Suppose -5*v - d*n = -26, -n = 2*v - 6*n + 2. Calculate the greatest common divisor of v and 54.
2
Let t be 8/18*1*-6*-6. Suppose 1014 = -3*r + t*r. Calculate the greatest common divisor of 858 and r.
78
Let v = -18933 - -18937. Let l = 18 + 58. What is the greatest common factor of l and v?
4
Let m(j) = -2*j + 1. Let t(b) = -b**2 + 25*b - 76. Let x(n) = m(n) + t(n). Let f be x(19). Calculate the highest common factor of f and 19.
1
Let q(o) = -9*o - 223. Let d be q(-25). Suppose -39*k = -41*k - d*b + 226, 2*k = -4*b + 218. Calculate the highest common divisor of k and 13.
13
Let w = -18514 + 18690. Calculate the greatest common factor of w and 638.
22
Let x be -9 - -35260 - (-90)/(-9). Calculate the greatest common factor of 51 and x.
51
Let j(n) = -2*n**3 - n**2 - n + 6. Let k be j(0). Suppose -15 = -3*r + k. Suppose -3*x + r*x - 80 = 0. What is the greatest common factor of x and 140?
20
Suppose -5*n = 4*w - 185, -41 = -0*w - w - 3*n. Let j = w + -38. Let g = 75 + -51. What is the highest common divisor of j and g?
12
Let w be 2/3 - 154/(-3). Let h(u) = -2*u**3 + 31*u**2 + 282*u - 4204. Let j be h(16). What is the greatest common factor of w and j?
52
Let q be (561/77 - -3)/(2/7). Let o = 16 - -52. Let y = 104 - o. Calculate the greatest common factor of y and q.
36
Suppose -65 = 16*r - 161. Let o be (-24)/(-9)*r*22/16. Calculate the greatest common divisor of o and 6.
2
Let g(n) = 14*n**2 - 28*n + 85. Let c be g(3). Suppose f + c = 3*a, -2*f = 2*a - 3*a + 34. Calculate the highest common divisor of 11 and a.
11
Let n(v) = 1784*v**3 - 12*v**2 + 13*v + 11. Let s be n(2). Calculate the highest common factor of s and 13.
13
Let y = -88 - -100. Suppose y*g = 17*g - 80. Suppose g - 51 = -s. What is the greatest common divisor of s and 21?
7
Suppose 5*p - 1032 = m + 2*m, -5*m + 626 = 3*p. Let o = 34 - -311. What is the greatest common factor of p and o?
69
Let u(l) = 22*l**2 - 609*l - 9802. Let b be u(-16). Calculate the highest common divisor of b and 18.
6
Let g = 309 - 299. Let m be ((-6 + 4)*-9)/2*g. What is the greatest common divisor of 144 and m?
18
Let h = 11280 - 10659. Calculate the greatest common divisor of h and 253.
23
Let l be (-1411)/153 + (-2)/(-9) + 109. Calculate the greatest common divisor of 2050 and l.
50
Suppose -5*o - g + 23087 = -3*g, 0 = -2*o - 4*g + 9254. Calculate the highest common factor of o and 1043.
149
Let h(v) = -87*v + 6. Let x be h(-5). Suppose -p - 56 = -g + x, 5*g + 2*p = 2478. Suppose -g = -7*b + 120. What is the highest common divisor of 8 and b?
8
Let q(l) = -4*l + 2. Let u be q(1). Let y be 84/(-35) - (u/5 + 0). Let r be 121 + (y + 2)*-1. What is the highest common divisor of r and 11?
11
Suppose 0 = 26*h - 41*h + 15750. Let i be ((-11)/3)/((-14)/h). What is the highest common divisor of 11 and i?
11
Let u(g) = 23*g. Let h be u(1). Suppose 25*a = -46*a + 11431. What is the greatest common divisor of h and a?
23
Let v(u) = -u**3 + 11*u**2 + 26. Let y be v(11). Let t = 6745 - 6732. What is the greatest common divisor of y and t?
13
Let r = -2042 - -2150. What is the highest common factor of r and 756?
108
Suppose 33*q + 125*q = -41*q + 6368. Calculate the greatest common factor of q and 54304.
32
Let a(j) = -39*j - 90*j + 6*j. Let l be a(-2). Suppose -7*u + l = -104. What is the greatest common factor of u and 20?
10
Let m be -149 - -155 - (11/1 + -2) - -3740. Calculate the highest common divisor of m and 808.
101
Let v be -13*3*((-18360)/81)/34. What is the highest common factor of 4030 and v?
130
Suppose -5*z + 2*z + 210 = 0. Suppose z*w - 67*w = 105. Suppose 3*q = 4*s + 2 + 23, -s + w = 2*q. What is the highest common factor of q and 60?
15
Let p be 146026/11 - (92/44 + -2). What is the greatest common factor of p and 9?
9
Let a(z) = -2. Let s(d) = -5*d + 49. Let r(g) = -6*a(g) - 2*s(g). Let w be r(10). Calculate the highest common factor of 238 and w.
14
Suppose 35*x = 74*x + 116*x - 88970. Calculate the greatest common factor of 77 and x.
7
Let n be (6*62*2/(-4))/(81/(-216)). Calculate the highest common divisor of n and 2666.
62
Let b be 2*-1*72/(-16). Let o(q) = q**2 - 10*q + 17. Let r be o(b). What is the highest common factor of 18 and r?
2
Let f be -1 + -3 + 3 + 5. Let h = f + 4. Let s(d) = -d**3 - 12*d**2 + 12*d - 12. Let u be s(-13). Calculate the greatest common factor of u and h.
1
Let v = -149 - -192. Suppose -2*b - 3*b = -1505. What is the highest common divisor of b and v?
43
Let y be (-2)/3 + (-512)/(-12). Let h(b) be the second derivative of -b**3/6 + 7*b**2 - 19*b. Let t be h(0). What is the highest common divisor of t and y?
14
Let u = -30 - -53. Suppose 444*b = 452*b - 920. What is the highest common divisor of b and u?
23
Let m = -75 - -81. Let o be (-3)/m*(136/(-2))/(-1). Let b = -24 - o. Calculate the greatest common factor of b and 10.
10
Suppose -n = -0*n. Suppose -2*m + 8*m - 234 = n. What is the greatest common factor of 